me number?
True
Let c(o) = -7*o - 4*o + 8 - 19*o**2 + o + o**3. Let n be c(9). Is (n/6)/2*-3 a prime number?
True
Let k(w) = -2*w - 16. Suppose -5*o - 22 + 73 = -4*d, -48 = 5*d - o. Let b be k(d). Let a(t) = 45*t**2 - 3*t + 3. Is a(b) a composite number?
True
Let g(p) = 754*p - 35. Let o = -83 - -86. Is g(o) prime?
False
Is ((-8)/(-18))/2 - 40271/(-99) composite?
True
Let x(f) be the third derivative of -f**5/60 + f**4/4 - f**3/2 - 4*f**2. Let s be x(5). Suppose s*d - 444 = -2*d. Is d prime?
False
Let u(l) = -9*l**3 + 15*l**2 - 4*l - 3. Let p(c) = -5*c**3 + 7*c**2 - 2*c - 1. Let a(b) = -11*p(b) + 6*u(b). Is a(-11) composite?
False
Let r(u) = 339*u**2 + 5*u - 5. Is r(2) a prime number?
True
Is (786 - (-2 + -1)) + (-2 - -4) a prime number?
False
Suppose 41 - 13 = 2*j. Let l be (-77)/(-22)*8/j. Is (301/(-4) + l)*-4 composite?
False
Let a = -57 + 62. Suppose 3*u = -3*m + 5*u + 10769, -a*m + 3*u = -17950. Is m a composite number?
False
Suppose -51*b + 45*b = -19626. Is b a composite number?
False
Suppose f = 4*d, -5*f - 6*d = -2*d - 24. Suppose -f*a - 26 = -3*a. Is -33*1*a/6 a composite number?
True
Let m(y) = y**3 - 11*y**2 + 12*y - 10. Let a be m(10). Let q(f) = -f**2 + 11*f - 5. Let s be q(a). Suppose 0*r - s*r + 1655 = 0. Is r composite?
False
Let h(p) = 842*p**3 - 2*p**2 + 1. Suppose -4*t - 8 + 12 = 0. Is h(t) prime?
False
Let h(t) = -t + 113. Let u be (8/(-6))/4*0. Is h(u) a composite number?
False
Is (-35)/140*-50294*(4 + -2) a prime number?
True
Let j(n) = -n**3 - 14*n**2 + 9*n + 75. Is j(-19) a composite number?
False
Suppose -b = n - 7, -2*b + 7 = 2*b - 3*n. Suppose 0 = 2*u + 4 + b, 4*t + u + 5828 = 0. Let q = -707 - t. Is q prime?
False
Is ((-41669)/5)/(2/(-10)) prime?
True
Let l(h) = 93*h**3 - 5*h**2 - h + 14. Is l(3) a composite number?
False
Suppose 14 = -5*k + k - x, -2*x = 4. Let f(n) = n + 5. Let w be f(k). Suppose 3*p - w*d = -3*d + 768, 0 = -4*p - 2*d + 1022. Is p prime?
True
Let p = -32 - -35. Is ((-962)/(-39))/(2/p) a composite number?
False
Is (-77610)/(-3) + (35 - 36) a composite number?
True
Let f = -28 + 2. Let v = f + 211. Is v prime?
False
Is ((-2617)/2)/((-27)/162) a composite number?
True
Suppose -3*n + 3*w + 338 + 589 = 0, -w = -3*n + 935. Suppose 3*y - 333 = -0*y - 3*k, -k - n = -3*y. Is y composite?
True
Suppose 8*h - 93976 = 397872. Is h prime?
False
Let d = 197 + -195. Is d composite?
False
Suppose 0 = -7*t + 104 - 412. Let x = 129 + t. Is x composite?
True
Suppose -22 + 38 = 4*t. Let h = -104 + 265. Suppose 3*m = t*m - h. Is m composite?
True
Suppose 2*k - 6 = 0, 5*p - k = -4*k - 426. Is ((-2)/12*-2)/(p/(-786393)) composite?
True
Let d be 3 - (-1 - (-1 + 1)). Suppose -d*k = y + 18, 5*y - 30 = k + 3*k. Suppose -11 = y*m - 73. Is m composite?
False
Let b = -114 + -16. Let a = 261 + b. Let k = -40 + a. Is k composite?
True
Let f = 412 - -30. Suppose -4*h + 722 = -f. Is h a composite number?
True
Let s(d) = d**3 + 11*d**2 + 9*d + 4. Suppose -8 - 1 = -3*r. Suppose -18 = r*i + 12. Is s(i) composite?
True
Let d(f) = 3*f**2 + f - 1. Suppose -5*z + 8 = -r, 0*r - 2*r = -3*z + 9. Let s = r - -9. Is d(s) composite?
False
Let u = 166319 - 73030. Is u prime?
False
Suppose -2*k + 12716 = 2*n, -3*n = -k + 3391 + 2983. Is k a prime number?
False
Let z = -25347 - -48608. Is z a composite number?
True
Let j(g) be the second derivative of 103*g**4/12 + 5*g**3/3 + 11*g**2/2 + g + 1. Is j(-6) a composite number?
False
Let u = 61 + -59. Suppose 242 = 5*h - r - 5768, 6015 = 5*h - u*r. Is h composite?
False
Is 3/(-2)*(-503610)/45 a composite number?
False
Let p(j) = 1190*j + 91. Is p(9) a prime number?
False
Let p(d) = 3*d**3 - 2*d**2 + d. Let i be (-4)/(-14) + (-30)/(-42). Let a be p(i). Suppose z - 6*z = -a*l + 83, -5*l - 3*z + 161 = 0. Is l composite?
True
Suppose 0 = q - 2*y - 2463, 5*y + 768 - 13068 = -5*q. Is q prime?
False
Let b = 1332 + -1930. Let d = b + 210. Let z = -7 - d. Is z a prime number?
False
Let z(j) be the third derivative of j**5/30 + j**4/6 + j**3/3 - 8*j**2. Let g be z(-2). Is (-180 + 1)*(g + -3) prime?
True
Let s(a) be the first derivative of 26*a**2 + 5*a - 1. Let r be s(10). Suppose g = -2*g - 5*n + 302, -5*g - 4*n + r = 0. Is g prime?
True
Let g be 10*(596/10 + 0). Suppose -i - g = i. Let r = i + 485. Is r a prime number?
False
Suppose 2*o - 10554 = -2*z - 754, -19612 = -4*z - o. Is 5/(5/z) + 5 prime?
True
Suppose -6 = 3*i, 5*t = 2*t - 4*i + 7. Is (251/(-5))/((-1)/t) a prime number?
True
Let k = 55602 - 19645. Is k a prime number?
False
Suppose -1877 = -n - 2*d, -6*n = -2*n - 3*d - 7453. Is n a composite number?
False
Let q(z) = 2*z**3 - z**2 - 4*z + 4. Let g be q(-6). Let p = g + 731. Is p a prime number?
False
Let z(j) = 37*j**2 - j - 19. Is z(-10) composite?
False
Let u(j) = 752*j**2 + 31*j + 18. Is u(5) a prime number?
True
Let x = 6334 - -17407. Is x a prime number?
True
Let x = -3394 - -5379. Is x prime?
False
Let h = 89 - 85. Suppose 4*n + h*j = 10804 - 1528, -2*n + 2*j = -4654. Is n composite?
True
Let c = 11388 - 8023. Is c a composite number?
True
Let h = -86073 + 120506. Is h a composite number?
True
Suppose 16*n - 15*n - 4 = 0. Suppose -2*w + 2 = 0, 0*d - n*w = 3*d - 259. Is d a composite number?
True
Is ((-3)/(-6))/(((-135)/(-15102))/15) composite?
False
Let s = 1771 + -855. Suppose 2*n = -2*n + s. Let m = n - 30. Is m composite?
False
Let o(k) = -1 + 0 - 3*k + 9*k**2 - 2 + 6. Let d be o(-16). Suppose m = -3*w + d, 0*m = 5*w + 5*m - 3925. Is w a composite number?
True
Let m be ((-64)/6 + 4)/(4/(-402)). Suppose 6*u = u + m. Is u prime?
False
Let d(c) = -2*c - 15. Let b be d(-9). Let s(i) = 7 + 2*i + 14*i**2 + b*i**2 + 5*i**2 - 4*i. Is s(-3) a composite number?
False
Let o = 24 + -108. Let v be 12/66 + o/(-22). Suppose 0 = 4*j + v*h - 36, 2*j - 5*h - 19 - 27 = 0. Is j a prime number?
True
Let m(c) = -36*c**2 - 14*c - 5. Let i(n) = 108*n**2 + 41*n + 15. Let a(z) = -2*i(z) - 7*m(z). Is a(-7) a prime number?
True
Let a be 4/2*(-5 - -9). Suppose -18 = -2*l + 3*p, 5*l - l + a = -5*p. Is l a prime number?
True
Is (-90435)/5*(-2)/(30/5) a composite number?
False
Let a be (28/21)/(4/(-6)). Let p be (-2)/(-2)*(-6)/a. Suppose p*i = 4*i - 614. Is i a prime number?
False
Let f(u) = 14*u + 337. Is f(0) a composite number?
False
Suppose -20 = -5*b + 10. Let x be (-3710)/b - (-5)/15. Is 6/(-9)*x + -3 composite?
False
Suppose 0 = -2*g - 4*g + 42. Suppose g*l = -3*o + 4*l - 93, 5*l = -o - 19. Is 508/(-10)*85/o prime?
True
Let l(x) be the third derivative of x**6/40 - x**5/6 - 7*x**4/12 + 4*x**3/3 - 8*x**2. Is l(9) a prime number?
True
Let c = 37 + -32. Suppose c*f = 347 + 138. Is f a prime number?
True
Let a = 4 + 0. Let s be 4866*(-4)/(-1*a). Is s/10 - (-8)/20 prime?
True
Let h = -80 + 84. Suppose -2*u - h*k + 690 = 0, u - k = 3*k + 369. Is u prime?
True
Suppose -3*r = -11*r + 16. Suppose r*c - 3070 = -4*l, 5*l = -5*c + 5320 + 2375. Is c prime?
True
Suppose 0 = -0*s + 5*s - 3*j - 28, -3*j = 5*s - 22. Let v(n) = 20*n**3 + 7*n**2 - 4*n - 7. Let c be v(s). Let u = -1735 + c. Is u a composite number?
True
Let i(a) = a**3 + 6*a**2 + 5*a + 12. Let s be i(-5). Is 18/s*446/1 composite?
True
Let j = 65115 + -39452. Is j composite?
True
Let q = 563 + -492. Is q a prime number?
True
Suppose 10*v - 6*v - 4 = 0. Suppose -c + 2*f = v - 2, -5*f = c - 8. Let o(y) = y**2 + 4*y - 2. Is o(c) a composite number?
False
Let r = 33 - 21. Let a = 14 - r. Suppose -4*n + 508 = a*o, -2*n - 254 = -o + 3*n. Is o a composite number?
True
Let o(k) = 4*k**3 - 4*k**2 + 6*k - 6. Let w be o(2). Suppose c - 317 = -w. Is c composite?
True
Let i(g) = -4*g**3 + 6*g**2 - 3*g. Let t(p) = p**3 - p. Let u(l) = -i(l) - 3*t(l). Let y be u(5). Suppose y*d - 3*k = 698, -5*k = -3*d - 4*k + 418. Is d prime?
True
Let v(k) = 24*k**2 - 6*k - 17. Let p be v(-4). Suppose p = 3*y + 2*g, -2*y + 3*y - 112 = 3*g. Is y a composite number?
False
Suppose 7*q - 3*q = 4*i - 26532, i = 2*q + 6629. Is i a prime number?
True
Let n be 8 - (-8)/(-6)*3. Suppose 357 = -5*v + 2*j + 1447, v = n*j + 236. Suppose -v + 39 = -3*f. Is f a composite number?
False
Suppose t + 68 = 399. Suppose 4*l = t - 3. Is l a prime number?
False
Suppose 69*t - 67*t - 3361 = 5*g, 3*t - 5013 = -2*g. Is t a composite number?
True
Let w = 2145 - 551. Is w prime?
False
Is (-1 + 8)*(0 - -1 - -738) a prime nu